is divided by 56.
30
What is the remainder when 17906467 is divided by 69?
1
What is the remainder when 763440 is divided by 2591?
1686
What is the remainder when 191779 is divided by 14748?
55
What is the remainder when 1231075 is divided by 692?
7
Calculate the remainder when 4879331 is divided by 645.
551
Calculate the remainder when 207021 is divided by 39666.
8691
Calculate the remainder when 668390627 is divided by 6789.
6788
Calculate the remainder when 2667731 is divided by 165.
11
Calculate the remainder when 1782148 is divided by 1155.
1138
Calculate the remainder when 230703 is divided by 28811.
215
What is the remainder when 872065316 is divided by 4152?
4148
What is the remainder when 771475 is divided by 1211?
68
Calculate the remainder when 6067497 is divided by 942.
75
What is the remainder when 215382 is divided by 492?
378
Calculate the remainder when 592807 is divided by 296307.
193
What is the remainder when 1376171 is divided by 235?
11
What is the remainder when 35790686 is divided by 1704318?
8
Calculate the remainder when 39613066 is divided by 1002.
1000
Calculate the remainder when 5045528 is divided by 2522733.
62
What is the remainder when 1978356 is divided by 182?
16
What is the remainder when 436268 is divided by 876?
20
Calculate the remainder when 717703 is divided by 2848.
7
What is the remainder when 2876534 is divided by 40514?
40
What is the remainder when 1675472 is divided by 88176?
128
What is the remainder when 573132 is divided by 142900?
1532
Calculate the remainder when 35331600 is divided by 11777175.
75
What is the remainder when 22328374 is divided by 125440?
54
What is the remainder when 802812 is divided by 1389?
1359
Calculate the remainder when 482094 is divided by 240045.
2004
Calculate the remainder when 165679 is divided by 7921.
7259
Calculate the remainder when 264082 is divided by 264069.
13
Calculate the remainder when 49655 is divided by 16253.
896
What is the remainder when 338330 is divided by 227?
100
Calculate the remainder when 37777 is divided by 18230.
1317
What is the remainder when 2346451 is divided by 24?
19
What is the remainder when 140147 is divided by 46714?
5
Calculate the remainder when 4095502 is divided by 2047319.
864
What is the remainder when 101577685 is divided by 18?
13
Calculate the remainder when 1448415 is divided by 67.
9
What is the remainder when 26859138 is divided by 369?
366
Calculate the remainder when 7536933 is divided by 2512307.
12
Calculate the remainder when 4061072 is divided by 676841.
26
What is the remainder when 12213496 is divided by 130?
126
Calculate the remainder when 932211 is divided by 301.
14
What is the remainder when 182664 is divided by 207?
90
Calculate the remainder when 9201 is divided by 2998.
207
What is the remainder when 11469348 is divided by 176451?
33
What is the remainder when 26662657 is divided by 208301?
129
What is the remainder when 580664 is divided by 253?
29
Calculate the remainder when 1372403179 is divided by 409.
407
Calculate the remainder when 8520420 is divided by 1420062.
48
Calculate the remainder when 1799924 is divided by 33.
5
Calculate the remainder when 985212 is divided by 1230.
1212
What is the remainder when 62152622 is divided by 25?
22
What is the remainder when 2364504 is divided by 473?
450
What is the remainder when 155383 is divided by 155345?
38
Calculate the remainder when 9009452 is divided by 97.
92
What is the remainder when 580414 is divided by 27627?
247
Calculate the remainder when 13782730 is divided by 237.
232
What is the remainder when 1807670 is divided by 3854?
144
Calculate the remainder when 465113 is divided by 154923.
344
What is the remainder when 1842249 is divided by 14621?
3
What is the remainder when 693875 is divided by 693622?
253
Calculate the remainder when 9608 is divided by 4388.
832
What is the remainder when 84421 is divided by 78?
25
What is the remainder when 112805 is divided by 1855?
1505
Calculate the remainder when 435726 is divided by 43567.
56
Calculate the remainder when 225911 is divided by 112725.
461
Calculate the remainder when 3039531 is divided by 29.
12
Calculate the remainder when 3095282 is divided by 1140.
182
Calculate the remainder when 95142 is divided by 9491.
232
What is the remainder when 22280339 is divided by 179680?
19
What is the remainder when 261812212 is divided by 6582?
6580
What is the remainder when 291562 is divided by 2081?
222
What is the remainder when 2630346 is divided by 2630238?
108
Calculate the remainder when 11077563 is divided by 69670.
33
What is the remainder when 4471311 is divided by 674?
669
Calculate the remainder when 12878202 is divided by 770.
722
What is the remainder when 302435624 is divided by 7958832?
8
What is the remainder when 60962109 is divided by 216?
213
Calculate the remainder when 653659 is divided by 653423.
236
What is the remainder when 71736 is divided by 71702?
34
What is the remainder when 530521 is divided by 1397?
1058
Calculate the remainder when 675690 is divided by 131.
123
Calculate the remainder when 82076 is divided by 26007.
4055
What is the remainder when 6657533 is divided by 279?
35
What is the remainder when 918148 is divided by 185?
178
What is the remainder when 2083 is divided by 91?
81
What is the remainder when 74733 is divided by 24724?
561
What is the remainder when 289147 is divided by 29?
17
Calculate the remainder when 1687710 is divided by 211.
132
What is the remainder when 1413874 is divided by 318?
46
What is the remainder when 8195345 is divided by 558?
557
Calculate the remainder when 35355837 is divided by 195.
192
What is the remainder when 1563805 is divided by 135?
100
What is the remainder when 1067657655 is divided by 11?
9
Calculate the remainder when 25841 is divided by 3357.
2342
What is the remainder when 34349821 is divided by 8587450?
21
What is the remainder when 3902972 is divided by 693?
689
What is the remainder when 40416821 is divided by 2?
1
What is the remainder when 46321 is divided by 3856?
49
Calculate the remainder when 4881318 is divided by 195244.
218
Calculate the remainder when 720076 is divided by 461.
455
Calculate the remainder when 609485290 is divided by 26.
24
What is the remainder when 502213 is divided by 99908?
2673
Calculate the remainder when 270025 is divided by 269559.
466
What is the remainder when 145201 is divided by 2416?
241
What is the remainder when 1194816 is divided by 54?
12
Calculate the remainder when 219277 is divided by 212.
69
What is the remainder when 39040 is divided by 198?
34
Calculate the remainder when 160340056 is divided by 10.
6
What is the remainder when 9260760 is divided by 442?
418
Calculate the remainder when 2175994 is divided by 362664.
10
Calculate the remainder when 17389 is divided by 705.
469
What is the remainder when 4414628 is divided by 35?
8
What is the remainder when 10322932 is divided by 14726?
6
Calculate the remainder when 81009 is divided by 1034.
357
What is the remainder when 8295717 is divided by 163?
158
Calculate the remainder when 30677 is divided by 12222.
6233
Calculate the remainder when 96928 is divided by 224.
160
What is the remainder when 2688049 is divided by 31256?
33
What is the remainder when 1149065 is divided by 4614?
179
What is the remainder when 28108 is divided by 26786?
1322
What is the remainder when 42720176 is divided by 17?
9
What is the remainder when 69141 is divided by 33044?
3053
Calculate the remainder when 36334 is divided by 9823.
6865
What is the remainder when 194811 is divided by 2951?
45
What is the remainder when 1063969 is divided by 6999?
121
Calculate the remainder when 239892 is divided by 991.
70
Calculate the remainder when 130766 is divided by 65222.
322
Calculate the remainder when 1225940 is divided by 215.
10
What is the remainder when 148889738 is divided by 13?
10
What is the remainder when 4290963 is divided by 228?
3
What is the remainder when 1658085 is divided by 7712?
5
What is the remainder when 2240767 is divided by 2394?
2377
Calculate the remainder when 135229 is divided by 52.
29
What is the remainder when 6735747 is divided by 2537?
12
Calculate the remainder when 16756425 is divided by 223419.
0
What i